late the highest common divisor of 252 and 612.
36
What is the highest common divisor of 57708 and 56?
28
Calculate the greatest common divisor of 152 and 361.
19
Calculate the greatest common divisor of 65 and 143.
13
Calculate the greatest common factor of 22 and 22.
22
Calculate the greatest common divisor of 16 and 25136.
16
What is the highest common divisor of 18685 and 185?
185
Calculate the highest common factor of 15 and 55.
5
Calculate the highest common divisor of 10178 and 14.
14
Calculate the greatest common divisor of 637 and 1813.
49
What is the greatest common divisor of 3010 and 86?
86
Calculate the greatest common divisor of 357 and 672.
21
Calculate the highest common factor of 28 and 128.
4
Calculate the highest common divisor of 39 and 624.
39
Calculate the highest common divisor of 14200 and 120.
40
What is the highest common factor of 36 and 84?
12
Calculate the greatest common factor of 3 and 267.
3
What is the greatest common factor of 680 and 128?
8
What is the greatest common factor of 105 and 120?
15
What is the greatest common factor of 593 and 3?
1
What is the highest common divisor of 81 and 2997?
81
What is the highest common factor of 558 and 468?
18
What is the greatest common divisor of 361 and 1?
1
Calculate the greatest common divisor of 10 and 1795.
5
What is the highest common factor of 539 and 1496?
11
What is the highest common divisor of 288 and 36?
36
What is the highest common factor of 34 and 56746?
34
Calculate the greatest common divisor of 102516 and 12.
12
Calculate the highest common divisor of 6897 and 57.
57
What is the greatest common factor of 132 and 1386?
66
What is the highest common divisor of 416 and 260?
52
What is the greatest common divisor of 226 and 1017?
113
Calculate the greatest common divisor of 25 and 625.
25
What is the greatest common factor of 970 and 4171?
97
What is the greatest common divisor of 4 and 46?
2
What is the greatest common divisor of 225 and 525?
75
Calculate the highest common divisor of 176 and 33.
11
What is the greatest common divisor of 45 and 225?
45
Calculate the highest common divisor of 24 and 4656.
24
Calculate the greatest common divisor of 21 and 2541.
21
What is the highest common factor of 1620 and 40?
20
Calculate the highest common divisor of 54 and 189.
27
What is the greatest common divisor of 1539 and 2592?
81
What is the highest common divisor of 861 and 533?
41
Calculate the greatest common factor of 230 and 161.
23
What is the greatest common factor of 608 and 128?
32
What is the greatest common divisor of 71 and 44517?
71
Calculate the highest common divisor of 949 and 73.
73
What is the greatest common divisor of 184 and 57592?
184
What is the highest common divisor of 1 and 46?
1
What is the greatest common factor of 11 and 22?
11
Calculate the greatest common divisor of 6 and 10.
2
Calculate the greatest common factor of 369 and 205.
41
What is the greatest common factor of 19920 and 180?
60
Calculate the highest common factor of 24 and 1376.
8
Calculate the greatest common factor of 111 and 12.
3
What is the highest common factor of 1254 and 228?
114
What is the highest common factor of 280 and 385?
35
What is the highest common divisor of 904 and 8?
8
What is the highest common divisor of 210 and 45?
15
What is the greatest common factor of 135 and 105?
15
Calculate the greatest common factor of 28 and 70.
14
Calculate the greatest common divisor of 208 and 24.
8
What is the highest common divisor of 6890 and 50?
10
Calculate the highest common factor of 55 and 40.
5
What is the highest common factor of 125 and 225?
25
Calculate the highest common divisor of 2 and 64.
2
Calculate the greatest common factor of 96 and 3936.
96
Calculate the greatest common divisor of 1332 and 1602.
18
What is the greatest common factor of 6880 and 1505?
215
What is the greatest common divisor of 42 and 280?
14
Calculate the greatest common divisor of 51 and 1037.
17
Calculate the highest common divisor of 217 and 31.
31
What is the highest common factor of 209 and 2451?
19
Calculate the greatest common divisor of 2479 and 335.
67
Calculate the greatest common factor of 1540 and 4312.
308
Calculate the greatest common divisor of 14202 and 54.
54
What is the highest common divisor of 726 and 6?
6
What is the highest common divisor of 1815 and 435?
15
Calculate the highest common factor of 76 and 437.
19
What is the highest common factor of 7763 and 7?
7
What is the highest common factor of 45 and 1476?
9
What is the greatest common divisor of 9 and 774?
9
What is the greatest common divisor of 464 and 34104?
232
Calculate the highest common divisor of 40 and 460.
20
Calculate the highest common factor of 6036 and 168.
12
What is the highest common divisor of 1156 and 408?
68
What is the highest common factor of 70 and 385?
35
Calculate the highest common divisor of 265 and 5.
5
What is the greatest common factor of 44 and 55?
11
Calculate the highest common divisor of 10 and 14.
2
Calculate the greatest common factor of 14 and 1162.
14
Calculate the greatest common divisor of 273 and 156.
39
What is the greatest common factor of 5037 and 115?
23
What is the greatest common divisor of 164 and 246?
82
Calculate the highest common divisor of 1104 and 48.
48
What is the greatest common divisor of 4980 and 60?
60
What is the greatest common divisor of 10 and 1810?
10
What is the greatest common factor of 8206 and 66?
22
What is the highest common divisor of 511 and 28?
7
Calculate the greatest common divisor of 4239 and 27.
27
What is the greatest common factor of 4961 and 41?
41
Calculate the highest common factor of 512 and 160.
32
What is the highest common divisor of 148 and 2738?
74
Calculate the highest common factor of 102 and 138.
6
What is the greatest common factor of 480 and 36?
12
Calculate the greatest common divisor of 270 and 486.
54
What is the greatest common factor of 305 and 488?
61
Calculate the greatest common factor of 1806 and 84.
42
Calculate the greatest common divisor of 56 and 1582.
14
What is the highest common factor of 39 and 9425?
13
Calculate the highest common divisor of 12 and 356.
4
What is the highest common factor of 660 and 374?
22
What is the highest common divisor of 369 and 9?
9
Calculate the greatest common factor of 61 and 10492.
61
What is the greatest common divisor of 202 and 2?
2
Calculate the greatest common factor of 21 and 128541.
21
Calculate the highest common factor of 51 and 85.
17
Calculate the greatest common factor of 318 and 106.
106
What is the greatest common factor of 154 and 3311?
77
Calculate the greatest common divisor of 321 and 43977.
321
Calculate the highest common divisor of 12 and 1164.
12
What is the greatest common factor of 899 and 261?
29
What is the greatest common divisor of 85 and 5?
5
Calculate the greatest common divisor of 5 and 4540.
5
What is the greatest common factor of 979 and 267?
89
Calculate the highest common divisor of 1092 and 126.
42
What is the greatest common divisor of 475 and 200?
25
What is the highest common divisor of 238 and 182?
14
Calculate the greatest common divisor of 4 and 556.
4
Calculate the highest common factor of 567 and 504.
63
What is the highest common divisor of 2550 and 340?
170
Calculate the greatest common divisor of 100 and 5.
5
Calculate the highest common factor of 324 and 432.
108
What is the greatest common factor of 161 and 1?
1
Calculate the greatest common divisor of 20 and 8.
4
Calculate the greatest common divisor of 1225 and 100.
25
Calculate the highest common factor of 29330 and 14.
14
Calculate the highest common divisor of 21 and 917.
7
What is the highest common factor of 49 and 574?
7
Calculate the greatest common divisor of 36 and 279.
9
Calculate the highest common factor of 792 and 72.
72
Calculate the highest common divisor of 230 and 10.
10
Calculate the highest common divisor of 377 and 116.
29
Calculate the greatest common factor of 2 and 10.
2
Calculate the highest common factor of 592 and 6956.
148
What is the greatest common factor of 2365 and 198?
11
Calculate the greatest common divisor of 19 and 16853.
19
Calculate the highest common factor of 61 and 2501.
61
Calculate the greatest common divisor of 26052 